{"id":269,"date":"2018-03-29T10:31:21","date_gmt":"2018-03-29T07:31:21","guid":{"rendered":"http:\/\/marlodge.fi\/?page_id=269"},"modified":"2018-03-29T11:45:06","modified_gmt":"2018-03-29T08:45:06","slug":"testisivu","status":"publish","type":"page","link":"https:\/\/marlodge.fi\/?page_id=269","title":{"rendered":"Testisivu"},"content":{"rendered":"<! ========= Cool Timeline Free 2.0.5 =========><div class=\"cool_timeline cool-timeline-wrapper both-sided-wrapper white-timeline-wrapper default-skin-tm\"><h1 class=\"timeline-main-title center-block\">J\u00e4\u00e4k\u00e4riliike 100v<\/h1><div class=\"cool-timeline white-timeline ultimate-style both-sided-wrapper \u201ddefault\u201d \"><div data-animations=\"\u201dFadeInOut\u201d\"  id=\"ctl-free-one\" class=\"cooltimeline_cont  clearfix icons_no\"><div class=\"no-content\"><h4>Sorry,You have not added any story yet<\/h4><\/div><\/div><div class=\"clearfix\"><\/div><\/div> <\/div><!-- end\r\n \t\t================================================== -->\n","protected":false},"excerpt":{"rendered":"","protected":false},"author":3,"featured_media":0,"parent":0,"menu_order":0,"comment_status":"closed","ping_status":"closed","template":"","meta":{"spay_email":""},"_links":{"self":[{"href":"https:\/\/marlodge.fi\/index.php?rest_route=\/wp\/v2\/pages\/269"}],"collection":[{"href":"https:\/\/marlodge.fi\/index.php?rest_route=\/wp\/v2\/pages"}],"about":[{"href":"https:\/\/marlodge.fi\/index.php?rest_route=\/wp\/v2\/types\/page"}],"author":[{"embeddable":true,"href":"https:\/\/marlodge.fi\/index.php?rest_route=\/wp\/v2\/users\/3"}],"replies":[{"embeddable":true,"href":"https:\/\/marlodge.fi\/index.php?rest_route=%2Fwp%2Fv2%2Fcomments&post=269"}],"version-history":[{"count":22,"href":"https:\/\/marlodge.fi\/index.php?rest_route=\/wp\/v2\/pages\/269\/revisions"}],"predecessor-version":[{"id":295,"href":"https:\/\/marlodge.fi\/index.php?rest_route=\/wp\/v2\/pages\/269\/revisions\/295"}],"wp:attachment":[{"href":"https:\/\/marlodge.fi\/index.php?rest_route=%2Fwp%2Fv2%2Fmedia&parent=269"}],"curies":[{"name":"wp","href":"https:\/\/api.w.org\/{rel}","templated":true}]}}